{"id":63,"date":"2019-08-20T14:38:23","date_gmt":"2019-08-20T12:38:23","guid":{"rendered":"http:\/\/welten-institut.de\/de\/?page_id=63"},"modified":"2026-01-09T10:42:32","modified_gmt":"2026-01-09T09:42:32","slug":"kontakt","status":"publish","type":"page","link":"https:\/\/welten-institut.de\/fr\/kontakt\/","title":{"rendered":"Contact"},"content":{"rendered":"<p><em><b>Welten &#8211; Institut pour psychanalyse et spiritualit\u00e9 (WITS)<\/b><\/em><\/p>\n<address>Clara Welten<br \/>\n<strong>Cabinet franco-allemand pour la psychoth\u00e9rapie &#038; gu\u00e9rison<\/strong> se trouve dans le centre <a href=\"http:\/\/www.aquariana.de\">AQUARIANA<\/a><br \/>\nAm Tempelhofer Berg 7d<br \/>\n10965 Berlin<br \/>\nALLEMAGNE<\/address>\n<address>dans le cabinet <a href=\"https:\/\/www.coaching-therapie-muenchen.de\/\" target=\"_blank\" rel=\"noopener\">Svensson Coaching &#038; Therapie<\/a><br \/>\n4, rue Morawitzky<br \/>\n80803 Munich, Schwabing<br \/>\nALLEMAGNE<br \/>\n(\u00e0 partir de septembre 2024, chaque premier samedi du mois) <strong>La prochaine s\u00e9ance sera samedi, le 05.04.2025 entre 12h et 16h. La s\u00e9ance coutera entre 85\u20ac &#8211; 120\u20ac: Vous coissisez le honoraire qui est faisable pour vous!\u00a0<\/strong><\/address>\n<address>kontakt@welten-institut.de<br \/>\nwww.welten-institut.de<br \/>\n0049-30-46998761<br \/>\nmobil: 01787215015<\/address>\n<address>Assistance et gestion des m\u00e9dias sociaux : Alina Stoica<\/address>\n<p>Clara Welten est membre de\u00a0<a href=\"http:\/\/www.greenpeace.de\/\">Greenpeace<\/a>, chez\u00a0<a href=\"http:\/\/www.frauenrechte.de\">TERRE DES FEMMES<\/a>, \u00e0 la banque ind\u00e9pendante GLS\u00a0et dans l&rsquo;association des <a href=\"http:\/\/www.heilpraktikerverband.de\/\">psychoth\u00e9rapeutes-hom\u00e9opathes<\/a>.<\/p>\n<p>Vous pouvez \u00e9galement la contacter par\u00a0<a href=\"https:\/\/www.facebook.com\/wits.de\" target=\"_blank\" rel=\"noopener\">Facebook,<\/a> <a href=\"https:\/\/www.instagram.com\/clara_welten_wits\/\" target=\"_blank\" rel=\"noopener\">Instagram<\/a> et <a href=\"https:\/\/www.tiktok.com\/@clara.welten\" target=\"_blank\" rel=\"noopener\">TikTok<\/a>.<\/p>\n<p>&nbsp;<\/p>\n<p><img loading=\"lazy\" decoding=\"async\" class=\"wp-image-2162 aligncenter\" src=\"https:\/\/welten-institut.de\/wp-content\/uploads\/Sem-titulo.png\" alt=\"Lgtbtqia+ Logo in Herzform und Regenbogenfarben\" width=\"186\" height=\"172\" \/><\/p>\n","protected":false},"excerpt":{"rendered":"<p>Welten &#8211; Institut pour psychanalyse et spiritualit\u00e9 (WITS) Clara Welten Cabinet franco-allemand pour la psychoth\u00e9rapie &#038; gu\u00e9rison se trouve dans le centre AQUARIANA Am Tempelhofer Berg 7d 10965 Berlin ALLEMAGNE dans le cabinet Svensson Coaching &#038; Therapie 4, rue Morawitzky 80803 Munich, Schwabing ALLEMAGNE (\u00e0 partir de septembre 2024, chaque premier samedi du mois) La &hellip; <a href=\"https:\/\/welten-institut.de\/fr\/kontakt\/\" class=\"more-link\">Continuer la lecture de <span class=\"screen-reader-text\">Contact<\/span><\/a><\/p>\n","protected":false},"author":2,"featured_media":424,"parent":0,"menu_order":0,"comment_status":"closed","ping_status":"closed","template":"","meta":{"inline_featured_image":false,"footnotes":""},"class_list":["post-63","page","type-page","status-publish","has-post-thumbnail","hentry"],"_links":{"self":[{"href":"https:\/\/welten-institut.de\/fr\/wp-json\/wp\/v2\/pages\/63","targetHints":{"allow":["GET"]}}],"collection":[{"href":"https:\/\/welten-institut.de\/fr\/wp-json\/wp\/v2\/pages"}],"about":[{"href":"https:\/\/welten-institut.de\/fr\/wp-json\/wp\/v2\/types\/page"}],"author":[{"embeddable":true,"href":"https:\/\/welten-institut.de\/fr\/wp-json\/wp\/v2\/users\/2"}],"replies":[{"embeddable":true,"href":"https:\/\/welten-institut.de\/fr\/wp-json\/wp\/v2\/comments?post=63"}],"version-history":[{"count":53,"href":"https:\/\/welten-institut.de\/fr\/wp-json\/wp\/v2\/pages\/63\/revisions"}],"predecessor-version":[{"id":2720,"href":"https:\/\/welten-institut.de\/fr\/wp-json\/wp\/v2\/pages\/63\/revisions\/2720"}],"wp:featuredmedia":[{"embeddable":true,"href":"https:\/\/welten-institut.de\/fr\/wp-json\/wp\/v2\/media\/424"}],"wp:attachment":[{"href":"https:\/\/welten-institut.de\/fr\/wp-json\/wp\/v2\/media?parent=63"}],"curies":[{"name":"wp","href":"https:\/\/api.w.org\/{rel}","templated":true}]}}

<p><em><b>Welten &#8211; Institut pour psychanalyse et spiritualité (WITS)</b></em></p>
<address>Clara Welten<br />
<strong>Cabinet franco-allemand pour la psychothérapie &#038; guérison</strong> se trouve dans le centre <a href="http://www.aquariana.de">AQUARIANA</a><br />
Am Tempelhofer Berg 7d<br />
10965 Berlin<br />
ALLEMAGNE</address>
<address>dans le cabinet <a href="https://www.coaching-therapie-muenchen.de/" target="_blank" rel="noopener">Svensson Coaching &#038; Therapie</a><br />
4, rue Morawitzky<br />
80803 Munich, Schwabing<br />
ALLEMAGNE<br />
(à partir de septembre 2024, chaque premier samedi du mois) <strong>La prochaine séance sera samedi, le 05.04.2025 entre 12h et 16h. La séance coutera entre 85€ &#8211; 120€: Vous coissisez le honoraire qui est faisable pour vous! </strong></address>
<address>kontakt@welten-institut.de<br />
www.welten-institut.de<br />
0049-30-46998761<br />
mobil: 01787215015</address>
<address>Assistance et gestion des médias sociaux : Alina Stoica</address>
<p>Clara Welten est membre de <a href="http://www.greenpeace.de/">Greenpeace</a>, chez <a href="http://www.frauenrechte.de">TERRE DES FEMMES</a>, à la banque indépendante GLS et dans l&rsquo;association des <a href="http://www.heilpraktikerverband.de/">psychothérapeutes-homéopathes</a>.</p>
<p>Vous pouvez également la contacter par <a href="https://www.facebook.com/wits.de" target="_blank" rel="noopener">Facebook,</a> <a href="https://www.instagram.com/clara_welten_wits/" target="_blank" rel="noopener">Instagram</a> et <a href="https://www.tiktok.com/@clara.welten" target="_blank" rel="noopener">TikTok</a>.</p>
<p>&nbsp;</p>
<p><img loading="lazy" decoding="async" class="wp-image-2162 aligncenter" src="https://welten-institut.de/wp-content/uploads/Sem-titulo.png" alt="Lgtbtqia+ Logo in Herzform und Regenbogenfarben" width="186" height="172" /></p>

<p>Welten &#8211; Institut pour psychanalyse et spiritualité (WITS) Clara Welten Cabinet franco-allemand pour la psychothérapie &#038; guérison se trouve dans le centre AQUARIANA Am Tempelhofer Berg 7d 10965 Berlin ALLEMAGNE dans le cabinet Svensson Coaching &#038; Therapie 4, rue Morawitzky 80803 Munich, Schwabing ALLEMAGNE (à partir de septembre 2024, chaque premier samedi du mois) La &hellip; <a href="https://welten-institut.de/fr/kontakt/" class="more-link">Continuer la lecture de <span class="screen-reader-text">Contact</span></a></p>
