{"id":28,"date":"2019-08-20T14:33:24","date_gmt":"2019-08-20T12:33:24","guid":{"rendered":"http:\/\/welten-institut.de\/de\/?page_id=28"},"modified":"2025-01-21T11:04:13","modified_gmt":"2025-01-21T10:04:13","slug":"psycho-spirituelle-seelenbegleitung","status":"publish","type":"page","link":"https:\/\/welten-institut.de\/fr\/psycho-spirituelle-seelenbegleitung\/","title":{"rendered":"Accompagnement psycho-spirituel de l&rsquo;\u00e2me"},"content":{"rendered":"<p style=\"text-align: right;\"><strong><em>De la psychoth\u00e9rapie verbale \u00e0 la th\u00e9rapie spirituelle nonverbale.<\/em><\/strong><\/p>\n<p style=\"text-align: left;\">Mon int\u00e9r\u00eat pour la psychologie semble \u00eatre aussi ancien que ma propre vie. Je vais vous informer sur quelques \u00e9tappes de ma vie qui en fait de moi qui je suis aujourd&rsquo;hui.<\/p>\n<p style=\"text-align: left;\">Grandit dans la dictature en Allemagne de l&rsquo;Est et venue d&rsquo;une famille oppositionnelle au r\u00e9gime du RDA, mon enfance \u00e9tait extr\u00eamement s\u00e9rieux. En disant : Mon p\u00e8re risquait \u00e0 tout moment d&rsquo;\u00eatre emprisonn\u00e9, le service secret observait ma famille sans cesse et l&rsquo;ins\u00e9curit\u00e9 de notre survie \u00e9tait notre r\u00e9alit\u00e9. Je me souviens au moment quand je me suis pos\u00e9e la question suivante pour la premi\u00e8re fois : \u00ab\u00a0Pourquoi il y a des hommes qui aiment torturer ceux qu&rsquo;ils consid\u00e8rent comme ennemie ?\u00a0\u00bb J&rsquo;avais sept ans.<\/p>\n<p style=\"text-align: left;\">J&rsquo;avais 13 ans quand je ne sortais plus sans avoir un stylo et un cahier dans ma poche pour pouvoir noter mes pens\u00e9es \u00e0 tout moment. J&rsquo;observe que mon int\u00e9r\u00eat pour l&rsquo;existence de l&rsquo;homme, pour la sociologie et pour la psychologie est li\u00e9e \u00e0 mon envie de r\u00e9fl\u00e9chir et d\u2019\u00e9crire.<\/p>\n<p style=\"text-align: left;\"><em>C&rsquo;est ma vie m\u00eame qui m&rsquo;a donn\u00e9 les inspiration, les cheminement et le stylo dans la main &#8230;<\/em><\/p>\n<p><strong>J&rsquo;ai commenc\u00e9 d&rsquo;approfondir mon int\u00e9r\u00eat pour l\u2019\u00e2me<\/strong> en faisant des \u00e9tudes de la psychanalyse et de la philosophie en Francfort\/M. Ayant obtenu une bourse pour pouvoir continuer avec mes recherches je suis all\u00e9e en 1996 \u00e0 Paris ou j&rsquo;ai \u00e9tudi\u00e9 chez J. Derrida, J. Kristeva et L. Irigaray. En d\u00e9m\u00e9nageant \u00e0 Berlin en 2004 j&rsquo;ai suivie une formation de trois ans comme gu\u00e9risseuse. Ensuite j&rsquo;ai fait un dipl\u00f4me en psychoth\u00e9rapie: Le moment d&rsquo; ouvrir mon propre cabinet \u00e9tait venu en 2008.<br \/>\nTous ce cheminement m&rsquo;a apprit l&rsquo;essentielle : Ni la concurrence, ni l\u2019id\u00e9ologie vont gu\u00e9rir les blessures psychologiques mais surtout la pluridisciplinarit\u00e9 dans les d\u00e9marches de la recherche. Aujourd&rsquo;hui une bonne th\u00e9rapeute est celui\/ celle qui sait de combiner les m\u00e9thodes que l\u2019\u00eatre humain a besoin. Et cela est toujours tr\u00e8s individuelle : En faite chaque s\u00e9ance de la th\u00e9rapie est une recherche \u00ab de la <span lang=\"fr\" tabindex=\"0\">gu\u00e9rison <\/span>de l\u2019\u00e2me &#8212; de la psychanalyse \u00e0 la spiritualit\u00e9. \u00bb C&rsquo;est \u00e9galement le titre de mon livre: <a href=\"https:\/\/welten-institut.de\/fr\/lebst-du-schon-oder-wiederholst-du-noch\/\">Lebst Du schon oder wiederholst Du noch?<\/a><\/p>\n","protected":false},"excerpt":{"rendered":"<p>De la psychoth\u00e9rapie verbale \u00e0 la th\u00e9rapie spirituelle nonverbale. Mon int\u00e9r\u00eat pour la psychologie semble \u00eatre aussi ancien que ma propre vie. Je vais vous informer sur quelques \u00e9tappes de ma vie qui en fait de moi qui je suis aujourd&rsquo;hui. Grandit dans la dictature en Allemagne de l&rsquo;Est et venue d&rsquo;une famille oppositionnelle au &hellip; <a href=\"https:\/\/welten-institut.de\/fr\/psycho-spirituelle-seelenbegleitung\/\" class=\"more-link\">Continuer la lecture de <span class=\"screen-reader-text\">Accompagnement psycho-spirituel de l&rsquo;\u00e2me<\/span><\/a><\/p>\n","protected":false},"author":2,"featured_media":409,"parent":0,"menu_order":0,"comment_status":"closed","ping_status":"closed","template":"","meta":{"inline_featured_image":false,"footnotes":""},"class_list":["post-28","page","type-page","status-publish","has-post-thumbnail","hentry"],"_links":{"self":[{"href":"https:\/\/welten-institut.de\/fr\/wp-json\/wp\/v2\/pages\/28","targetHints":{"allow":["GET"]}}],"collection":[{"href":"https:\/\/welten-institut.de\/fr\/wp-json\/wp\/v2\/pages"}],"about":[{"href":"https:\/\/welten-institut.de\/fr\/wp-json\/wp\/v2\/types\/page"}],"author":[{"embeddable":true,"href":"https:\/\/welten-institut.de\/fr\/wp-json\/wp\/v2\/users\/2"}],"replies":[{"embeddable":true,"href":"https:\/\/welten-institut.de\/fr\/wp-json\/wp\/v2\/comments?post=28"}],"version-history":[{"count":46,"href":"https:\/\/welten-institut.de\/fr\/wp-json\/wp\/v2\/pages\/28\/revisions"}],"predecessor-version":[{"id":494,"href":"https:\/\/welten-institut.de\/fr\/wp-json\/wp\/v2\/pages\/28\/revisions\/494"}],"wp:featuredmedia":[{"embeddable":true,"href":"https:\/\/welten-institut.de\/fr\/wp-json\/wp\/v2\/media\/409"}],"wp:attachment":[{"href":"https:\/\/welten-institut.de\/fr\/wp-json\/wp\/v2\/media?parent=28"}],"curies":[{"name":"wp","href":"https:\/\/api.w.org\/{rel}","templated":true}]}}

Accompagnement psycho-spirituel de l&rsquo;âme

<p style="text-align: right;"><strong><em>De la psychothérapie verbale à la thérapie spirituelle nonverbale.</em></strong></p>
<p style="text-align: left;">Mon intérêt pour la psychologie semble être aussi ancien que ma propre vie. Je vais vous informer sur quelques étappes de ma vie qui en fait de moi qui je suis aujourd&rsquo;hui.</p>
<p style="text-align: left;">Grandit dans la dictature en Allemagne de l&rsquo;Est et venue d&rsquo;une famille oppositionnelle au régime du RDA, mon enfance était extrêmement sérieux. En disant : Mon père risquait à tout moment d&rsquo;être emprisonné, le service secret observait ma famille sans cesse et l&rsquo;insécurité de notre survie était notre réalité. Je me souviens au moment quand je me suis posée la question suivante pour la première fois : « Pourquoi il y a des hommes qui aiment torturer ceux qu&rsquo;ils considèrent comme ennemie ? » J&rsquo;avais sept ans.</p>
<p style="text-align: left;">J&rsquo;avais 13 ans quand je ne sortais plus sans avoir un stylo et un cahier dans ma poche pour pouvoir noter mes pensées à tout moment. J&rsquo;observe que mon intérêt pour l&rsquo;existence de l&rsquo;homme, pour la sociologie et pour la psychologie est liée à mon envie de réfléchir et d’écrire.</p>
<p style="text-align: left;"><em>C&rsquo;est ma vie même qui m&rsquo;a donné les inspiration, les cheminement et le stylo dans la main &#8230;</em></p>
<p><strong>J&rsquo;ai commencé d&rsquo;approfondir mon intérêt pour l’âme</strong> en faisant des études de la psychanalyse et de la philosophie en Francfort/M. Ayant obtenu une bourse pour pouvoir continuer avec mes recherches je suis allée en 1996 à Paris ou j&rsquo;ai étudié chez J. Derrida, J. Kristeva et L. Irigaray. En déménageant à Berlin en 2004 j&rsquo;ai suivie une formation de trois ans comme guérisseuse. Ensuite j&rsquo;ai fait un diplôme en psychothérapie: Le moment d&rsquo; ouvrir mon propre cabinet était venu en 2008.<br />
Tous ce cheminement m&rsquo;a apprit l&rsquo;essentielle : Ni la concurrence, ni l’idéologie vont guérir les blessures psychologiques mais surtout la pluridisciplinarité dans les démarches de la recherche. Aujourd&rsquo;hui une bonne thérapeute est celui/ celle qui sait de combiner les méthodes que l’être humain a besoin. Et cela est toujours très individuelle : En faite chaque séance de la thérapie est une recherche « de la <span lang="fr" tabindex="0">guérison </span>de l’âme &#8212; de la psychanalyse à la spiritualité. » C&rsquo;est également le titre de mon livre: <a href="https://welten-institut.de/fr/lebst-du-schon-oder-wiederholst-du-noch/">Lebst Du schon oder wiederholst Du noch?</a></p>

<p>De la psychothérapie verbale à la thérapie spirituelle nonverbale. Mon intérêt pour la psychologie semble être aussi ancien que ma propre vie. Je vais vous informer sur quelques étappes de ma vie qui en fait de moi qui je suis aujourd&rsquo;hui. Grandit dans la dictature en Allemagne de l&rsquo;Est et venue d&rsquo;une famille oppositionnelle au &hellip; <a href="https://welten-institut.de/fr/psycho-spirituelle-seelenbegleitung/" class="more-link">Continuer la lecture de <span class="screen-reader-text">Accompagnement psycho-spirituel de l&rsquo;âme</span></a></p>
