{"id":2411,"date":"2025-01-17T16:31:38","date_gmt":"2025-01-17T15:31:38","guid":{"rendered":"https:\/\/welten-institut.de\/?page_id=2411"},"modified":"2025-01-24T10:41:46","modified_gmt":"2025-01-24T09:41:46","slug":"podcasts-meditationen","status":"publish","type":"page","link":"https:\/\/welten-institut.de\/fr\/podcasts-meditationen\/","title":{"rendered":"Podcasts &#038; m\u00e9ditations"},"content":{"rendered":"<p><img loading=\"lazy\" decoding=\"async\" class=\"wp-image-2445 alignleft\" src=\"https:\/\/welten-institut.de\/wp-content\/uploads\/Bild.frieden.1.25-300x171.jpg\" alt=\"\" width=\"405\" height=\"231\" srcset=\"https:\/\/welten-institut.de\/wp-content\/uploads\/Bild.frieden.1.25-300x171.jpg 300w, https:\/\/welten-institut.de\/wp-content\/uploads\/Bild.frieden.1.25-1024x584.jpg 1024w, https:\/\/welten-institut.de\/wp-content\/uploads\/Bild.frieden.1.25-768x438.jpg 768w, https:\/\/welten-institut.de\/wp-content\/uploads\/Bild.frieden.1.25-1536x877.jpg 1536w, https:\/\/welten-institut.de\/wp-content\/uploads\/Bild.frieden.1.25-2048x1169.jpg 2048w, https:\/\/welten-institut.de\/wp-content\/uploads\/Bild.frieden.1.25-500x285.jpg 500w, https:\/\/welten-institut.de\/wp-content\/uploads\/Bild.frieden.1.25-825x471.jpg 825w, https:\/\/welten-institut.de\/wp-content\/uploads\/Bild.frieden.1.25-1000x571.jpg 1000w, https:\/\/welten-institut.de\/wp-content\/uploads\/Bild.frieden.1.25-1600x913.jpg 1600w\" sizes=\"auto, (max-width: 405px) 100vw, 405px\" \/>Sur ma <a href=\"https:\/\/www.youtube.com\/channel\/UC0I-2QpCcNoW5lGQf_gAB6g\" target=\"_blank\" rel=\"noopener\">cha\u00eene YouTube \u00ab Clara Welten \u00bb<\/a>, tu trouveras des podcasts sur des th\u00e8mes actuels et critiques de la soci\u00e9t\u00e9 ainsi que des m\u00e9ditations relaxantes et des histoires magiques \u00e0 \u00e9couter.<\/p>\n<p>Il me tient \u00e0 c\u0153ur de partager avec toi des sujets que je peux nommer, mais que je ne peux pas changer politiquement, dans des <strong>podcasts critiques de la soci\u00e9t\u00e9<\/strong>, de t&rsquo;offrir des <strong>m\u00e9ditations avec transmission de lumi\u00e8re<\/strong> &#8211; d&rsquo;ailleurs cr\u00e9\u00e9es \u00e0 la demande de mes clients et clientes qui le demandaient, de pouvoir vivre des m\u00e9ditations avec ma voix m\u00eame pendant les pauses de notre travail sur l&rsquo;\u00e2me, ainsi que de r\u00e9v\u00e9ler des <strong>histoires spirituelles<\/strong> de ma pratique dans mon cabinet, \u00e0 savoir des <strong>voyages spirituels<\/strong> dans des r\u00e9incarnations et dans des sph\u00e8res cosmiques vers des \u00eatres lumineux dans le temps et l&rsquo;espace, afin de diffuser le miracle de la spiritualit\u00e9 quotidienne que je vis chaque jour dans mon cabinet.<\/p>\n<p>Jusqu&rsquo;o\u00f9 aimes-tu \u00e9largir ta vie en toi et au-del\u00e0 de tes zones de confort ?<\/p>\n","protected":false},"excerpt":{"rendered":"<p>Sur ma cha\u00eene YouTube \u00ab Clara Welten \u00bb, tu trouveras des podcasts sur des th\u00e8mes actuels et critiques de la soci\u00e9t\u00e9 ainsi que des m\u00e9ditations relaxantes et des histoires magiques \u00e0 \u00e9couter. Il me tient \u00e0 c\u0153ur de partager avec toi des sujets que je peux nommer, mais que je ne peux pas changer politiquement, &hellip; <a href=\"https:\/\/welten-institut.de\/fr\/podcasts-meditationen\/\" class=\"more-link\">Continuer la lecture de <span class=\"screen-reader-text\">Podcasts &#038; m\u00e9ditations<\/span><\/a><\/p>\n","protected":false},"author":2,"featured_media":2417,"parent":0,"menu_order":0,"comment_status":"closed","ping_status":"closed","template":"","meta":{"inline_featured_image":false,"footnotes":""},"class_list":["post-2411","page","type-page","status-publish","has-post-thumbnail","hentry"],"_links":{"self":[{"href":"https:\/\/welten-institut.de\/fr\/wp-json\/wp\/v2\/pages\/2411","targetHints":{"allow":["GET"]}}],"collection":[{"href":"https:\/\/welten-institut.de\/fr\/wp-json\/wp\/v2\/pages"}],"about":[{"href":"https:\/\/welten-institut.de\/fr\/wp-json\/wp\/v2\/types\/page"}],"author":[{"embeddable":true,"href":"https:\/\/welten-institut.de\/fr\/wp-json\/wp\/v2\/users\/2"}],"replies":[{"embeddable":true,"href":"https:\/\/welten-institut.de\/fr\/wp-json\/wp\/v2\/comments?post=2411"}],"version-history":[{"count":10,"href":"https:\/\/welten-institut.de\/fr\/wp-json\/wp\/v2\/pages\/2411\/revisions"}],"predecessor-version":[{"id":2476,"href":"https:\/\/welten-institut.de\/fr\/wp-json\/wp\/v2\/pages\/2411\/revisions\/2476"}],"wp:featuredmedia":[{"embeddable":true,"href":"https:\/\/welten-institut.de\/fr\/wp-json\/wp\/v2\/media\/2417"}],"wp:attachment":[{"href":"https:\/\/welten-institut.de\/fr\/wp-json\/wp\/v2\/media?parent=2411"}],"curies":[{"name":"wp","href":"https:\/\/api.w.org\/{rel}","templated":true}]}}

Podcasts &#038; méditations

<p><img loading="lazy" decoding="async" class="wp-image-2445 alignleft" src="https://welten-institut.de/wp-content/uploads/Bild.frieden.1.25-300x171.jpg" alt="" width="405" height="231" srcset="https://welten-institut.de/wp-content/uploads/Bild.frieden.1.25-300x171.jpg 300w, https://welten-institut.de/wp-content/uploads/Bild.frieden.1.25-1024x584.jpg 1024w, https://welten-institut.de/wp-content/uploads/Bild.frieden.1.25-768x438.jpg 768w, https://welten-institut.de/wp-content/uploads/Bild.frieden.1.25-1536x877.jpg 1536w, https://welten-institut.de/wp-content/uploads/Bild.frieden.1.25-2048x1169.jpg 2048w, https://welten-institut.de/wp-content/uploads/Bild.frieden.1.25-500x285.jpg 500w, https://welten-institut.de/wp-content/uploads/Bild.frieden.1.25-825x471.jpg 825w, https://welten-institut.de/wp-content/uploads/Bild.frieden.1.25-1000x571.jpg 1000w, https://welten-institut.de/wp-content/uploads/Bild.frieden.1.25-1600x913.jpg 1600w" sizes="auto, (max-width: 405px) 100vw, 405px" />Sur ma <a href="https://www.youtube.com/channel/UC0I-2QpCcNoW5lGQf_gAB6g" target="_blank" rel="noopener">chaîne YouTube « Clara Welten »</a>, tu trouveras des podcasts sur des thèmes actuels et critiques de la société ainsi que des méditations relaxantes et des histoires magiques à écouter.</p>
<p>Il me tient à cœur de partager avec toi des sujets que je peux nommer, mais que je ne peux pas changer politiquement, dans des <strong>podcasts critiques de la société</strong>, de t&rsquo;offrir des <strong>méditations avec transmission de lumière</strong> &#8211; d&rsquo;ailleurs créées à la demande de mes clients et clientes qui le demandaient, de pouvoir vivre des méditations avec ma voix même pendant les pauses de notre travail sur l&rsquo;âme, ainsi que de révéler des <strong>histoires spirituelles</strong> de ma pratique dans mon cabinet, à savoir des <strong>voyages spirituels</strong> dans des réincarnations et dans des sphères cosmiques vers des êtres lumineux dans le temps et l&rsquo;espace, afin de diffuser le miracle de la spiritualité quotidienne que je vis chaque jour dans mon cabinet.</p>
<p>Jusqu&rsquo;où aimes-tu élargir ta vie en toi et au-delà de tes zones de confort ?</p>

<p>Sur ma chaîne YouTube « Clara Welten », tu trouveras des podcasts sur des thèmes actuels et critiques de la société ainsi que des méditations relaxantes et des histoires magiques à écouter. Il me tient à cœur de partager avec toi des sujets que je peux nommer, mais que je ne peux pas changer politiquement, &hellip; <a href="https://welten-institut.de/fr/podcasts-meditationen/" class="more-link">Continuer la lecture de <span class="screen-reader-text">Podcasts &#038; méditations</span></a></p>
